t - 2. Let p be y(5). Suppose -o - 35 = -p*o. What are the prime factors of o?
7
Let n(r) = r**2 + 4*r + 1. Let a be n(-5). Let x be -1 - (10 + (-1 - -2)). What are the prime factors of 8/x - (-46)/a?
7
Let v = 197 - 98. List the prime factors of v.
3, 11
Let l be ((-152)/(-12))/((-6)/(-9)). Suppose -3*u = -47 - l. What are the prime factors of u?
2, 11
Suppose 20 = h + 3*j, 4*j - 2 = -5*h + 43. Let n be (1/2)/((-3)/(-24)). Suppose 10 = h*t + 4*q - 16, n*q - 16 = 0. List the prime factors of t.
2
Let u(w) = -w**2 + w - 5. Let r be u(0). Suppose z = -3*z + 16. List the prime factors of 38/z + r/10.
3
Let q(a) = -a**2 + 8*a - 5. Let y be q(5). Let w = y + -3. Suppose 4*c - 41 = -2*p - 3*p, -w = -3*p + 2*c. What are the prime factors of p?
5
What are the prime factors of -4 + 1225/(-10)*8/(-5)?
2, 3
Let p be (-792)/6*(-1)/2. Let v = p + -47. List the prime factors of v.
19
What are the prime factors of (6 + 49)*(-8)/(-10)?
2, 11
Let w be ((-6)/4)/(6/(-8)). Suppose 4*g + 35 = 4*b - 7*b, 3*b + w = -g. Let u(j) = -2*j - 6. List the prime factors of u(g).
2
Let w(x) = -x**3 + 18*x**2 + 22. What are the prime factors of w(18)?
2, 11
Let f be (-2 + 4 - 0)/(-1). Suppose 2*d = -2*v - d - 3, 0 = 5*v + 5*d + 10. What are the prime factors of (4/3)/(f/v)?
2
List the prime factors of 2 + (-8)/2 + 14.
2, 3
Let s be (-4)/(-10) + (-69)/(-15). Suppose 2*i - 7 = s. Let o(n) = -n**2 + 6*n + 6. What are the prime factors of o(i)?
2, 3
Let k(q) = -41*q + 2. What are the prime factors of k(-1)?
43
Let g = 741 - 336. List the prime factors of g.
3, 5
Suppose m + 0*m = -14. Let u = -5 - m. What are the prime factors of u?
3
What are the prime factors of 30 - (1 - (1 - -1))?
31
Let n = 47 + -15. Let d = n - 6. List the prime factors of d.
2, 13
Let q be (-5 - 3)/((-4)/30). Suppose -5*g + q = -0*g. List the prime factors of g.
2, 3
Let i(h) = -5*h + 1. Let l be i(-3). List the prime factors of l/(-10)*(-60)/8.
2, 3
Suppose -21 = -2*u + 119. What are the prime factors of u?
2, 5, 7
Suppose 5*c = y - 92 - 25, -209 = -2*y + 5*c. What are the prime factors of y?
2, 23
Suppose -15*q + 3677 = -688. What are the prime factors of q?
3, 97
Suppose -4*d + 0*i = -2*i - 14, 0 = -4*d + 3*i + 9. List the prime factors of d.
2, 3
Let l(p) = 3*p**2 + 2*p + 3. Let g be l(-2). Let z be 4/(-10) + 14/10. Let b = z + g. What are the prime factors of b?
2, 3
Let v(y) = y**2 - 8*y - 2. Let t be v(9). Suppose 0 = -q + 2*q - t. Suppose -18 = -q*k + 4*k. List the prime factors of k.
2, 3
Suppose 5*b = -4*h + 7 + 3, 0 = 3*b - 4*h - 6. What are the prime factors of b?
2
Let d(l) = l**3 + 3*l**2 - 4*l + 3. Let h be d(-4). Suppose 5*b = -h*v + 112, b + 2*b + 3*v = 72. What are the prime factors of b?
2, 5
Suppose i + t = -2, 3*i + 0 = -2*t - 4. Suppose r = -5*m + 31, i = m + r - 0 - 7. List the prime factors of m.
2, 3
Suppose 5*d - 3*p = 1416, d - 2*p + 7*p - 300 = 0. List the prime factors of d.
3, 5, 19
Suppose a = -5*f - 22, 2*a + f = 4*f + 8. What are the prime factors of 26*(-1)/(a/2)?
2, 13
Let s be (1 - (0 + 2)) + 3. Suppose -s*g + 26 = -g. Suppose -h - h = -g. What are the prime factors of h?
13
Suppose -3*s - 5*x + 42 = 0, -5*s + 3*x = -0*s - 70. What are the prime factors of s?
2, 7
Let c(b) = 5*b - 8. What are the prime factors of c(6)?
2, 11
Suppose -62 = -2*y + 78. List the prime factors of y.
2, 5, 7
Suppose 4*k - 32 = -5*l, -2 = -l + 2. What are the prime factors of k + 5 - (6 + -3)?
5
Let v = -12 - -30. Let g be 2 + (v - 0/(-2)). Suppose -3*z - 2*i + g - 3 = 0, 4*z + 2*i - 20 = 0. What are the prime factors of z?
3
Let w = -11 + 41. Let m = w + -13. What are the prime factors of m?
17
Suppose -5*h - 5*i + 43 + 37 = 0, -3*i - 9 = 0. Suppose 5*z - 1 = h. Suppose 15 = z*n + 3*o - 12, 0 = -3*n + 4*o + 39. List the prime factors of n.
3
Suppose 0 = -4*o + 5*i + 202, 2*i + 1 + 3 = 0. What are the prime factors of o?
2, 3
List the prime factors of (-3)/4 + ((-14322)/8)/(-11).
2, 3
Let d(s) be the first derivative of -s**4/4 - 5*s**3/3 + 11*s**2/2 + 5*s + 6. List the prime factors of d(-7).
2, 13
Let s = -91 + 93. List the prime factors of s.
2
Suppose -l - 295 = -n + 4*l, 5*l - 275 = -n. What are the prime factors of n?
3, 5, 19
Let x = 212 - -42. What are the prime factors of x?
2, 127
Let i(v) = v**2 + v + 11. Let u(j) = j**3 + 8*j**2 + 6*j - 7. Suppose 0 = t + 8 - 1. Let c be u(t). List the prime factors of i(c).
11
Let y = 3 + 3. Let v(p) = -4*p - 2*p**3 + 4*p**3 - 3*p**3 + 7*p**2 - 1. What are the prime factors of v(y)?
11
Let d = -8 - -11. Suppose -a - 10 - 2 = -2*g, 0 = d*g - a - 19. What are the prime factors of g?
7
Let z(q) = -q + 4. Let b be z(-5). Let n = 30 - b. Suppose o = 4*o - n. List the prime factors of o.
7
Let q(o) = 2*o**2 + 25*o + 14. List the prime factors of q(-18).
2, 53
Let x be 1120/25 + (-2)/(-10). Let o = x + -26. Let d = o - 9. List the prime factors of d.
2, 5
Let i(f) = -5*f**3 + f**2. Let a be i(-1). Suppose -2*m - 2*m = -8. Suppose -2*r = -t + 16, -2*t - a = 4*r + m. What are the prime factors of t?
2, 3
Let c = -9 + 45. List the prime factors of c.
2, 3
Let i be ((-1)/(7/(-2)))/(1/7). Let h(s) = -2 + 8*s - s + 0*s. What are the prime factors of h(i)?
2, 3
Suppose -2*o = -42 - 52. Let w = o + -34. List the prime factors of w.
13
Let y be 1/(3/(13 + -1)). Suppose y = -v, -2*v + 106 + 11 = -5*q. List the prime factors of q/(-4) + 1/(-4).
2, 3
Let o(y) = -y**3 - 7*y**2 + y - 6. Let i be o(-8). Let r = i + -34. List the prime factors of r.
2
Let y(c) = -8*c**3 - c**2 + 1. Let z be y(1). Let l be (-18)/z*(-8)/(-3). Let a = l + 4. List the prime factors of a.
2, 5
Let i = 4 - -36. What are the prime factors of i?
2, 5
Suppose -3 = -o - 2*o. List the prime factors of 8 - (o/(-1) + 2).
7
Suppose -z - 2*y = -214, -6*z - 3*y + 1035 = -z. What are the prime factors of z?
2, 3, 17
Let h be ((-1)/(1/(-3)))/1. Suppose 34 = -h*s + s. List the prime factors of 3 + -2 + (1 - s).
19
Let u(t) = -t + 12. Let h be u(9). Suppose 4*l + 12 = 0, h = -4*b + 2*l + 25. What are the prime factors of (b/6)/(8/156)?
13
Let g(f) = -f**3 + f**2 - f + 6. Let b be g(0). Let z be 17/2 - (-1)/2. Let h = z - b. What are the prime factors of h?
3
Suppose -4*g + 93 = 3*p - g, -5*p - 3*g = -161. List the prime factors of p.
2, 17
Suppose -2*t + 206 = 3*s - 4*t, 0 = -3*s + 5*t + 218. What are the prime factors of s?
2, 3, 11
Suppose -5*v = -11 + 1. Let o be (-3 - (2 - 4)) + 2. List the prime factors of (8 + v - 1) + o.
2, 5
Suppose 0 = 3*m - 4*i - 118 + 2, 0 = i - 1. Suppose -2*q = w - 52, 0*q = 2*q + 4*w - m. List the prime factors of q.
2, 7
Suppose -2*x + 192 = -3*w, 5*w + 470 = 3*x + 2*x. What are the prime factors of x?
2, 3, 5
Let u = 7 + -4. Suppose -u*v - 2*b = -58, -2*b - 2*b + 36 = v. What are the prime factors of v?
2
Suppose -170 = -4*f + q, f + 4*f = 5*q + 220. What are the prime factors of f?
2, 3, 7
Let j = 5 - 3. Suppose -j*m - 60 = -7*m. List the prime factors of m.
2, 3
Suppose 4*f = -5*j + 137, 2*j = -2*f - f + 101. List the prime factors of f.
3, 11
Let x = 2 + 3. Suppose -18 - 12 = -x*n. List the prime factors of n.
2, 3
Let b(q) = 13*q**2 - q + 2. What are the prime factors of b(1)?
2, 7
Suppose -3*a + 0*a = -9. Let w(r) be the second derivative of r**4/12 - r**3/3 + 3*r**2/2 - 6*r. What are the prime factors of w(a)?
2, 3
Suppose 5*d + 15 = 0, d = k - 2*d - 336. List the prime factors of k.
3, 109
Let v = -60 + 89. List the prime factors of v.
29
Suppose 0 = 3*o + 2*o - 3*j + 117, -3*o = 4*j + 47. Let y = o + 39. What are the prime factors of y?
2, 3
Suppose 0 = -2*i - 2*l + 18, 3*l + 1 = -0*i + i. Suppose -2*u + 2*b - 16 = -2*b, 0 = -3*u - 2*b - 8. Let v = u + i. List the prime factors of v.
3
Let j(m) = 6*m - 3. Suppose 5*a - 5 = -2*c + 16, -3*c = 2*a - 15. Suppose 6 = -0*u + c*u. What are the prime factors of j(u)?
3
Let o = -25 - -18. Let l(t) = -t + 12. What are the prime factors of l(o)?
19
Let n be 18/4*12/(-9). Let g be (27/n - -3)*-2. Suppose -g*d + 24 = -d. List the prime factors of d.
2, 3
Let a(d) = -d**3 + 4*d**2 + d + 1. Let u be a(4). Suppose 0 = -3*c - s + 30, -5*c - u*s + 58 = -2. List the prime factors of c.
3
Suppose -3*f + 17 = -f + l, -12 = -3*f + 3*l. Let u = 13 - f. What are the prime factors of (-1)/((u/(-27))/2)?
3
Let k = 9 - 4. Let c(t) be the 